**2 - 6*z - 55. Let k be n(-9). Calculate v(k).
-18
Let u(d) = d + 10. Let p(f) = -f**2 + 6*f + 33. Let x be (-14)/4*160/(-56). Let s be p(x). Calculate u(s).
3
Let j(t) be the first derivative of -t**5/60 + t**4/12 - t**3/2 + 23*t**2/2 - 18. Let p(v) be the second derivative of j(v). Let d = 0 - -4. What is p(d)?
-11
Let z be (-2 + -1)/(9/(-66)). Let s = z + -17. Suppose 2*v + 3*j - 7*j = -8, -s*v = 3*j + 46. Let x(o) = o**2 + 6*o - 11. What is x(v)?
5
Let g be 17/2 + -18 + 11. Let d(l) be the first derivative of -2*l - 6 - g*l**2. Calculate d(-2).
4
Let l(o) = o**2 + 5*o - 3. Let p be l(-6). Suppose -3*y = 4*b - 15, 0*y - 3*y = -4*b + 9. Let f(c) = p + b*c - 4*c**2 + 0*c**2 + 3*c**2 - 5*c. Give f(-3).
0
Let a(j) = 15*j + 23 - j**2 - 30 + 12 - 18*j. Suppose 3*f + 9 + 3 = 0. Determine a(f).
1
Let i(d) = -50 + 23 + 20 + 31*d. Let c(h) = -15*h + 3. Let l(a) = -5*c(a) - 2*i(a). Determine l(-1).
-14
Let z(u) = 5*u. Let s(j) = -19*j. Let l(x) = s(x) + 4*z(x). What is l(-12)?
-12
Suppose -28 = -2*x + 3*x + 5*v, 4*x = 3*v + 3. Let b(q) = q**2 - q - 1. Determine b(x).
11
Let k(z) = -177*z - 3. Let n(i) = 43*i + 1. Let r(f) = -6*k(f) - 25*n(f). Calculate r(-2).
19
Let l(m) be the third derivative of -m**6/120 + m**5/12 + m**4/24 + m**2. Let r be ((15/(-4))/1)/(351/(-468)). Determine l(r).
5
Let o(r) = -23*r - 4*r**3 - 2*r**2 - 22*r + 43*r - 1. What is o(-1)?
3
Let n(k) = -k**2 - 9*k - 8. Suppose -5*q - 3 = -28. Let p be 111/(-15) - ((-2)/q + 0). Calculate n(p).
6
Let s(g) = -4*g - 1. Let h be 42/10 + 2/(-10). Suppose 1 = -2*b + 3*b + p, -4 = -h*b + p. Give s(b).
-5
Let t be ((-8)/(-12))/(8/(-12))*-3. Let l(i) = -11 - 2*i - 2 + t*i. Give l(0).
-13
Let d = 51 - 47. Let q(b) = -2*b + 28 + 2*b**2 + b**2 - d*b**2 - 30. What is q(-3)?
-5
Let q(w) = w**3 - 6*w**2 - w - 4. Let c(l) = -l - 1. Let p(b) = 2*c(b) - q(b). Suppose 0*a = a - 2*r + 3, 4*r = -a + 9. Let f be 8 + -6 - (a - 5). What is p(f)?
-4
Let o be (-4)/(-4)*(0 + 4). Let y(c) be the first derivative of 1/2*c**2 + 0*c - o. Determine y(0).
0
Suppose 4*y = -5*k + 25 - 6, 3 = k. Let d(b) = 8*b**3 - 9*b**2 + 13*b - 29. Let v(t) = -4*t**3 + 4*t**2 - 6*t + 13. Let c(h) = 4*d(h) + 9*v(h). Give c(y).
-5
Let l(t) = -t**3 - 5*t**2 - 7*t - 8. Let z be l(-4). Suppose z*i + y = 9, 0 = -5*i + 5*y - 2 - 18. Let r(n) = n - 7 + i - 3. What is r(4)?
-5
Let j = 139 - 270. Let i = -125 - j. Let w(l) = l**3 - 6*l**2 - 2*l + 6. Give w(i).
-6
Let l(j) be the second derivative of -j**4/12 - 7*j**3/6 - 2*j**2 - 29*j. Calculate l(-7).
-4
Suppose -3*o - 1 = -p + 2*o, -2*p + 22 = -5*o. Suppose -p = -12*g + 5*g. Let d(m) = -m**3 + 3*m**2 - 3*m + 3. Give d(g).
-6
Let r(v) = v**2 - v - 6. Suppose 18*m + 285 = 75*m. Calculate r(m).
14
Let h(v) = 19*v**2 - 8*v + 7. Let c(j) = -2*j + 2. Let p(d) = 4*c(d) - h(d). Calculate p(-1).
-18
Let x(s) = s + 3. Let g = -5 + 5. Let f be x(g). Let q(j) be the first derivative of 2*j**2 - 2*j + 57. Calculate q(f).
10
Let y(i) = -i**3 + 3*i**2 + 3*i - 4. Let u be y(3). Suppose l + 21 = 5*t, 10 = u*l - 10. Let n(q) = t*q**2 - 7*q**3 - 6*q + 5 + 0*q**2 + 6*q**3. Give n(4).
-3
Suppose 3*p - 27 = -4*z, 43*p + 6 = -3*z + 46*p. Let d(j) be the second derivative of 3/2*j**2 + 0 - 1/3*j**z + 10*j. Determine d(-4).
11
Let w be 1*-1*(-1 - 2). Let v(m) be the third derivative of 1/120*m**6 + 1/2*m**3 + 0 + 0*m - 1/6*m**4 - 1/20*m**5 - 18*m**2. What is v(w)?
-9
Let i(o) = -o**2 - 3*o. Let y(p) = -p**3 + 7*p**2 - 6*p - 4. Let t be y(6). What is i(t)?
-4
Let d = 50 + -58. Let l(i) = i**3 + 6*i**2 - 17*i - 6. Let q be l(d). Let h(y) be the first derivative of y**4/4 - 4*y**3/3 + 2*y**2 - 2*y + 2. Give h(q).
-2
Let o(z) be the first derivative of -4*z**2 + 5*z + 4 + 1/6*z**3. Let b(r) be the first derivative of o(r). Give b(7).
-1
Let j = 414 + -409. Let n(l) = l**3 - 4*l**2 - 6*l - 7. Calculate n(j).
-12
Let q(r) = 4*r + 2*r + 3 - 4 - 11*r. Determine q(1).
-6
Let w(o) = 2*o**3 - 3*o**2 - 7*o + 14. Let h be w(2). Let k(v) be the second derivative of -v**3/3 - 3*v. What is k(h)?
-8
Let h = 20 + -15. Let q(z) = -h + z + 0*z + 4. Let s be q(-1). Let i(u) = 5*u + 1. Calculate i(s).
-9
Let p(h) be the first derivative of h**2/2 - 1. Suppose -6*a - 5*a = -44. Suppose -a*q - 5*q + 54 = 0. Give p(q).
6
Let k(z) = -2 + 2 + 0 + 4 - z. Suppose -3 - 2 = -v. Give k(v).
-1
Let n(x) = -2*x - 9. Let a be ((-34)/51)/((-2)/(-6)). Let h be (1 + a)/(3/18). Calculate n(h).
3
Suppose 4*c - 5 = -2*u + 1, -3 = u. Let k(g) be the second derivative of -g**5/20 + g**4/3 + 3*g**2/2 - 14*g + 1. Calculate k(c).
12
Let x(i) = -i - 4. Let o(t) = -8*t**3 - t**2. Let b be o(-1). Let j = b - 12. Let y be 4/j*30/4. Determine x(y).
2
Let r(q) be the third derivative of q**7/1680 + q**6/180 - 7*q**5/20 + 43*q**2. Let s(p) be the third derivative of r(p). What is s(5)?
19
Let o(g) = 3*g**2 + 4*g - 2*g**3 - 9 + g**3 - 2*g + 2*g. Let s(i) = -i**3 + 2*i**2 + 3*i - 10. Let u(k) = -3*o(k) + 2*s(k). Give u(6).
7
Let n(z) be the second derivative of z**3/3 - 111*z. Let u(i) be the first derivative of -i**2 + 3*i - 2. Let d be u(4). Determine n(d).
-10
Let r(o) be the second derivative of -o**5/20 + o**4/6 + o**3/6 + 2*o**2 - o. Let l(q) = -2*q + 13. Let h be l(3). Suppose 11*x = h*x + 12. Determine r(x).
-2
Let z = -1513 + 1507. Let a(r) = r**3 + 7*r**2 + 4*r - 6. What is a(z)?
6
Let l(g) = -3 + 2*g + 7*g + 9 - 16*g + 0*g. Calculate l(5).
-29
Let q(a) = -a**3 - 4*a**2 - 3*a - 2. Let i be q(-3). Let y(b) be the third derivative of b**4/24 + 10*b**2. Let x(j) = 1. Let m(h) = x(h) - 2*y(h). Give m(i).
5
Suppose -3*i - 77 = -107. Let p(r) = r**2 + r - i + 17 - 7. Let m be (-2 - 1)*(-1 - -2). Calculate p(m).
6
Suppose 2*y = -2*v + 4, v + 4*y = -v + 4. Let f(z) = -z**2 + v*z - 98 - z + 109. Calculate f(0).
11
Let p(s) = -4 + 13 + s + 1 - 6. What is p(3)?
7
Let l(o) = o**3 + 2*o**2 - 6. Let r(v) = -2*v**3 - 4*v**2 + 11. Let h(k) = -7*l(k) - 4*r(k). Let p be 6/9*(-27)/6. What is h(p)?
-11
Let p(q) = -5*q + q - 2*q**3 + 13*q**2 + 3 + 3*q**2 + q**3 - 13*q**2. What is p(3)?
-9
Let t(o) = 4*o**3 - 4*o - 5 - 111*o**2 + 50*o**2 + 2*o + 57*o**2 - 5*o**3. Give t(-3).
-8
Let j(v) = -5*v**3 + 24*v**2 - 12*v + 21. Let n(p) = 11*p**3 - 50*p**2 + 24*p - 43. Let d(y) = -13*j(y) - 6*n(y). Determine d(-13).
-2
Suppose 0 = 3*m - 5*m + 6. Suppose 159*x - 42 = 152*x. Let g(u) = -u**3 - x*u**2 + 7 - u**2 + 4*u + 2*u + 2*u**m. Determine g(6).
7
Let u = 0 + 2. Let y = 3 - u. Let x(r) = 4*r + 4*r + r - 25*r + 5*r. Determine x(y).
-11
Let v(s) = -2. Let x(f) = -f - 19. Let i(q) = -4*v(q) + x(q). Calculate i(-9).
-2
Let b(d) = -4*d**2 + 2*d + 22. Let c(n) = -7*n**2 + 8*n + 43. Let x(w) = 5*b(w) - 3*c(w). What is x(15)?
-4
Let u(g) = -g**2 + 9*g - 2. Let k be 6/45*354 - 3/15. Let d = 54 - k. Give u(d).
12
Let w(r) be the third derivative of -r**6/360 + r**5/30 - r**4/8 + 3*r**3/2 + 18*r**2. Let a(z) be the first derivative of w(z). Determine a(5).
-8
Let o(i) = -i**3 + 23*i**2 + 2*i - 45. Let y be o(23). Let v(z) = 7*z + 1. Give v(y).
8
Let z(m) = 4 + m**2 + 0 - 5 + 0*m**3 + 4*m**3. Let q = 368 - 369. What is z(q)?
-4
Suppose -2*g + 3*g = 6. Suppose g = -2*y + 12. Let d(k) = -k + 2. Determine d(y).
-1
Let z(u) = 0 + 0*u - 1 + 6*u. Let n(g) = -8*g - 15. Let y be n(-2). Give z(y).
5
Let j(a) = a. Let i(y) = -8*y - 1. Let r(w) = -i(w) + 3*j(w). Suppose -t - t = 4, -1 = 3*o - t. What is r(o)?
-10
Let m = -1261 + 1253. Let w(y) = y**2 + 5*y - 7. What is w(m)?
17
Let x(m) = 0 + 1 - 306*m + 7 + 307*m + 3. Determine x(-8).
3
Let g(m) = -m**3 - 3*m**2 + 4*m + 1. Let k be g(-4). Suppose 0 = 2*o - 3*o + k. Let t(l) = 3 + l**3 + l - o - 8 - 8*l**2. Give t(8).
2
Let v(w) be the third derivative of -w**6/120 - 3*w**5/20 - 7*w**4/24 + w**3/3 - 10*w**2 + 2. Calculate v(-8).
-6
Suppose 3*i = -i + 32. Let y(j) = -11*j - 8 + i*j + j. Give y(-9).
10
Let l(o) = o**2 + o + 2. Let h = -160 - -157. Calculate l(h).
8
Let v be 5*(-1)/(1 + (-24)/4). Let m(k) = 5*k**3 - k**2 - k + 1. Calculate m(v).
4
Let i(n) = -5*n - 16. Let a(j) = -14*j - 43. Let k(p) = -4*a(p) + 11*i(p). Determine k(4).
0
Let t(n) = -3*n**3 + 7*n**2 - 2*n + 1. Let l(f) = -2*f**3 + f**2 + 1. Let j(w) = -l(w) + t(w). Calculate j(6).
-12
Let a(j) = j**3 - 7*j**2 + 8*j - 6. Let m(i) = -i**2 - 7*i - 6. Let y be m(-4). Let p be a(y). Suppose -p = 5*n